{"id":79,"date":"2024-04-17T15:32:54","date_gmt":"2024-04-17T13:32:54","guid":{"rendered":"https:\/\/adsccouverture.fr\/?page_id=79"},"modified":"2024-04-25T15:51:18","modified_gmt":"2024-04-25T13:51:18","slug":"accueil","status":"publish","type":"page","link":"https:\/\/adsccouverture.fr\/","title":{"rendered":"Accueil"},"content":{"rendered":"\n<div class=\"wp-block-group alignfull has-global-padding is-layout-constrained wp-block-group-is-layout-constrained\">\n<div class=\"wp-block-group alignwide animated fadeIn delay-200ms has-global-padding is-layout-constrained wp-container-core-group-is-layout-485f583b wp-block-group-is-layout-constrained\" style=\"margin-top:0;margin-bottom:0;padding-top:var(--wp--preset--spacing--50);padding-right:var(--wp--preset--spacing--50);padding-bottom:var(--wp--preset--spacing--50);padding-left:var(--wp--preset--spacing--50)\">\n<div class=\"wp-block-columns alignwide are-vertically-aligned-center is-layout-flex wp-container-core-columns-is-layout-08c01c1c wp-block-columns-is-layout-flex\">\n<div class=\"wp-block-column is-vertically-aligned-center is-layout-flow wp-container-core-column-is-layout-22223934 wp-block-column-is-layout-flow\" style=\"flex-basis:40%\">\n<h1 class=\"wp-block-heading\">Prot\u00e9gez votre maison avec une toiture d\u2019exception<\/h1>\n\n\n\n<ul style=\"line-height:1.75\" class=\"is-style-checkmark-list wp-block-list\">\n<li>Couverture, zinguerie, entretien de votre toiture<\/li>\n\n\n\n<li>10 ans d&#8217;exp\u00e9riences<\/li>\n\n\n\n<li>Intervention entre l&#8217;Oise (60) et l&#8217;Aisne (02)<\/li>\n<\/ul>\n\n\n\n<div class=\"wp-block-buttons is-content-justification-left is-layout-flex wp-container-core-buttons-is-layout-fc4fd283 wp-block-buttons-is-layout-flex\">\n<div class=\"wp-block-button is-style-fill\"><a class=\"wp-block-button__link wp-element-button\" href=\"tel:+33658849747\">06 58 84 97 47<\/a><\/div>\n\n\n\n<div class=\"wp-block-button is-style-outline is-style-outline--1\"><a class=\"wp-block-button__link wp-element-button\" href=\"https:\/\/adsccouverture.fr\/index.php\/contact\/\">Demander un devis<\/a><\/div>\n<\/div>\n<\/div>\n\n\n\n<div class=\"wp-block-column is-vertically-aligned-center is-layout-flow wp-block-column-is-layout-flow\" style=\"flex-basis:60%\">\n<figure class=\"wp-block-image size-full is-style-rounded is-style-rounded--2\"><img loading=\"lazy\" decoding=\"async\" width=\"900\" height=\"1350\" src=\"http:\/\/adsccouverture.fr\/wp-content\/uploads\/2024\/04\/image-8.png\" alt=\"\" class=\"wp-image-125\" style=\"aspect-ratio:4\/3;object-fit:cover\" srcset=\"https:\/\/adsccouverture.fr\/wp-content\/uploads\/2024\/04\/image-8.png 900w, https:\/\/adsccouverture.fr\/wp-content\/uploads\/2024\/04\/image-8-200x300.png 200w, https:\/\/adsccouverture.fr\/wp-content\/uploads\/2024\/04\/image-8-683x1024.png 683w, https:\/\/adsccouverture.fr\/wp-content\/uploads\/2024\/04\/image-8-768x1152.png 768w\" sizes=\"auto, (max-width: 900px) 100vw, 900px\" \/><\/figure>\n<\/div>\n<\/div>\n<\/div>\n\n\n\n<div class=\"wp-block-group alignwide has-base-2-background-color has-background has-global-padding is-layout-constrained wp-container-core-group-is-layout-214312a3 wp-block-group-is-layout-constrained\" style=\"margin-top:0;margin-bottom:0;padding-top:0;padding-right:0;padding-bottom:0;padding-left:0\">\n<div class=\"wp-block-columns alignfull are-vertically-aligned-center animated fadeIn delay-500ms is-layout-flex wp-container-core-columns-is-layout-e5f7232e wp-block-columns-is-layout-flex\" style=\"padding-top:var(--wp--preset--spacing--20);padding-right:var(--wp--preset--spacing--40);padding-bottom:var(--wp--preset--spacing--50);padding-left:var(--wp--preset--spacing--40)\">\n<div class=\"wp-block-column is-vertically-aligned-center is-layout-flow wp-block-column-is-layout-flow\">\n<p class=\"has-text-align-center has-contrast-2-color has-text-color has-link-color has-small-font-size wp-elements-1cbcb7bcf563e1ed6d360b1562f8122c\">NOS FOURNISSEURS<\/p>\n<\/div>\n\n\n\n<div class=\"wp-block-column is-vertically-aligned-center is-layout-flow wp-block-column-is-layout-flow\">\n<figure class=\"wp-block-image aligncenter size-full\"><img loading=\"lazy\" decoding=\"async\" width=\"169\" height=\"32\" src=\"https:\/\/adsccouverture.fr\/wp-content\/uploads\/2024\/04\/pillaud.png\" alt=\"\" class=\"wp-image-89\"\/><\/figure>\n<\/div>\n\n\n\n<div class=\"wp-block-column is-vertically-aligned-center is-layout-flow wp-block-column-is-layout-flow\">\n<figure class=\"wp-block-image aligncenter size-full\"><img loading=\"lazy\" decoding=\"async\" width=\"126\" height=\"32\" src=\"https:\/\/adsccouverture.fr\/wp-content\/uploads\/2024\/04\/asturienne.png\" alt=\"\" class=\"wp-image-90\"\/><\/figure>\n<\/div>\n\n\n\n<div class=\"wp-block-column is-vertically-aligned-center is-layout-flow wp-block-column-is-layout-flow\">\n<figure class=\"wp-block-image aligncenter size-full\"><img loading=\"lazy\" decoding=\"async\" width=\"123\" height=\"32\" src=\"https:\/\/adsccouverture.fr\/wp-content\/uploads\/2024\/04\/pointp.png\" alt=\"\" class=\"wp-image-91\"\/><\/figure>\n<\/div>\n\n\n\n<div class=\"wp-block-column is-vertically-aligned-center is-layout-flow wp-block-column-is-layout-flow\">\n<figure class=\"wp-block-image aligncenter size-full\"><img loading=\"lazy\" decoding=\"async\" width=\"93\" height=\"32\" src=\"https:\/\/adsccouverture.fr\/wp-content\/uploads\/2024\/04\/velux.png\" alt=\"\" class=\"wp-image-92\"\/><\/figure>\n<\/div>\n<\/div>\n<\/div>\n\n\n\n<div class=\"wp-block-group alignfull has-background has-global-padding is-layout-constrained wp-container-core-group-is-layout-72d38984 wp-block-group-is-layout-constrained\" style=\"background-color:#ecfeff;margin-top:0;margin-bottom:0;padding-top:0;padding-right:0;padding-bottom:0;padding-left:0\">\n<div class=\"wp-block-group alignwide has-global-padding is-layout-constrained wp-container-core-group-is-layout-cfdb096d wp-block-group-is-layout-constrained\" style=\"margin-top:0;margin-bottom:0;padding-top:var(--wp--preset--spacing--60);padding-right:var(--wp--preset--spacing--50);padding-bottom:var(--wp--preset--spacing--60);padding-left:var(--wp--preset--spacing--50)\">\n<h2 class=\"wp-block-heading alignfull has-text-align-center is-style-default\">Nos services<\/h2>\n\n\n\n<div class=\"wp-block-columns alignwide are-vertically-aligned-center animated fadeIn delay-500ms is-layout-flex wp-container-core-columns-is-layout-08c01c1c wp-block-columns-is-layout-flex\">\n<div class=\"wp-block-column is-vertically-aligned-center is-layout-flow wp-block-column-is-layout-flow\" style=\"flex-basis:50%\">\n<figure class=\"wp-block-image size-full is-style-rounded is-style-rounded--3\"><img loading=\"lazy\" decoding=\"async\" width=\"607\" height=\"451\" src=\"http:\/\/adsccouverture.fr\/wp-content\/uploads\/2024\/04\/services-1.png\" alt=\"\" class=\"wp-image-132\" style=\"aspect-ratio:4\/3;object-fit:cover\" srcset=\"https:\/\/adsccouverture.fr\/wp-content\/uploads\/2024\/04\/services-1.png 607w, https:\/\/adsccouverture.fr\/wp-content\/uploads\/2024\/04\/services-1-300x223.png 300w\" sizes=\"auto, (max-width: 607px) 100vw, 607px\" \/><\/figure>\n<\/div>\n\n\n\n<div class=\"wp-block-column is-vertically-aligned-center is-layout-flow wp-container-core-column-is-layout-94de54e1 wp-block-column-is-layout-flow\" style=\"padding-right:var(--wp--preset--spacing--20);padding-left:var(--wp--preset--spacing--20);flex-basis:50%\">\n<h3 class=\"wp-block-heading\">Couverture, zinguerie, entretien de votre toiture et plus encore<\/h3>\n\n\n\n<ul style=\"line-height:1.75\" class=\"is-style-checkmark-list wp-block-list\">\n<li>Toiture en ardoises<\/li>\n\n\n\n<li>Toiture en tuiles<\/li>\n\n\n\n<li>Toiture en zinc<\/li>\n\n\n\n<li>Toiture en t\u00f4le bac acier,<\/li>\n\n\n\n<li>Toiture en t\u00f4le imitation tuiles<\/li>\n\n\n\n<li>Etanch\u00e9it\u00e9<\/li>\n\n\n\n<li>D\u00e9moussage<\/li>\n\n\n\n<li>Traitements de Toiture<\/li>\n\n\n\n<li>Pose de Velux<\/li>\n\n\n\n<li>Reprise de charpente<\/li>\n\n\n\n<li>Isolation<\/li>\n<\/ul>\n\n\n\n<div class=\"wp-block-buttons is-layout-flex wp-block-buttons-is-layout-flex\">\n<div class=\"wp-block-button\"><a class=\"wp-block-button__link wp-element-button\" href=\"https:\/\/adsccouverture.fr\/index.php\/services\/\">D\u00e9couvrir nos services<\/a><\/div>\n<\/div>\n<\/div>\n<\/div>\n<\/div>\n<\/div>\n\n\n\n<div class=\"wp-block-group alignfull has-base-2-background-color has-background has-global-padding is-layout-constrained wp-container-core-group-is-layout-cfdb096d wp-block-group-is-layout-constrained\" style=\"margin-top:0;margin-bottom:0;padding-top:var(--wp--preset--spacing--60);padding-right:var(--wp--preset--spacing--50);padding-bottom:var(--wp--preset--spacing--60);padding-left:var(--wp--preset--spacing--50)\">\n<h2 class=\"wp-block-heading alignfull has-text-align-center is-style-default\">Nos r\u00e9alisations<\/h2>\n\n\n\n<div class=\"wp-block-group alignfull animated fadeIn delay-500ms has-global-padding is-layout-constrained wp-container-core-group-is-layout-e0082cf6 wp-block-group-is-layout-constrained\">\n<p class=\"has-text-align-center has-contrast-2-color has-text-color has-link-color wp-elements-b1dab66001745b6dea581e7a81b4e8b8\">Tuiles, ardoises, zinc : donnez un nouveau visage \u00e0 votre toiture.<\/p>\n\n\n\n<div class=\"wp-block-group alignfull is-horizontal is-content-justification-left is-nowrap is-layout-flex wp-container-core-group-is-layout-40b33207 wp-block-group-is-layout-flex\">\n<figure class=\"wp-block-gallery has-nested-images columns-3 wp-block-gallery-4 is-layout-flex wp-block-gallery-is-layout-flex\">\n<figure class=\"wp-block-image size-medium\"><img loading=\"lazy\" decoding=\"async\" width=\"225\" height=\"300\" data-id=\"401\" src=\"https:\/\/adsccouverture.fr\/wp-content\/uploads\/2024\/04\/IMG_3570-225x300.webp\" alt=\"\" class=\"wp-image-401\" srcset=\"https:\/\/adsccouverture.fr\/wp-content\/uploads\/2024\/04\/IMG_3570-225x300.webp 225w, https:\/\/adsccouverture.fr\/wp-content\/uploads\/2024\/04\/IMG_3570-768x1024.webp 768w, https:\/\/adsccouverture.fr\/wp-content\/uploads\/2024\/04\/IMG_3570-1152x1536.webp 1152w, https:\/\/adsccouverture.fr\/wp-content\/uploads\/2024\/04\/IMG_3570-1536x2048.webp 1536w, https:\/\/adsccouverture.fr\/wp-content\/uploads\/2024\/04\/IMG_3570-scaled.webp 1920w\" sizes=\"auto, (max-width: 225px) 100vw, 225px\" \/><\/figure>\n\n\n\n<figure class=\"wp-block-image size-medium\"><img loading=\"lazy\" decoding=\"async\" width=\"225\" height=\"300\" data-id=\"414\" src=\"https:\/\/adsccouverture.fr\/wp-content\/uploads\/2024\/04\/IMG_5342-225x300.webp\" alt=\"\" class=\"wp-image-414\" srcset=\"https:\/\/adsccouverture.fr\/wp-content\/uploads\/2024\/04\/IMG_5342-225x300.webp 225w, https:\/\/adsccouverture.fr\/wp-content\/uploads\/2024\/04\/IMG_5342-768x1024.webp 768w, https:\/\/adsccouverture.fr\/wp-content\/uploads\/2024\/04\/IMG_5342-1152x1536.webp 1152w, https:\/\/adsccouverture.fr\/wp-content\/uploads\/2024\/04\/IMG_5342-1536x2048.webp 1536w, https:\/\/adsccouverture.fr\/wp-content\/uploads\/2024\/04\/IMG_5342-scaled.webp 1920w\" sizes=\"auto, (max-width: 225px) 100vw, 225px\" \/><\/figure>\n\n\n\n<figure class=\"wp-block-image size-medium\"><img loading=\"lazy\" decoding=\"async\" width=\"169\" height=\"300\" data-id=\"409\" src=\"https:\/\/adsccouverture.fr\/wp-content\/uploads\/2024\/04\/IMG_4104-169x300.webp\" alt=\"\" class=\"wp-image-409\" srcset=\"https:\/\/adsccouverture.fr\/wp-content\/uploads\/2024\/04\/IMG_4104-169x300.webp 169w, https:\/\/adsccouverture.fr\/wp-content\/uploads\/2024\/04\/IMG_4104-577x1024.webp 577w, https:\/\/adsccouverture.fr\/wp-content\/uploads\/2024\/04\/IMG_4104-768x1363.webp 768w, https:\/\/adsccouverture.fr\/wp-content\/uploads\/2024\/04\/IMG_4104-865x1536.webp 865w, https:\/\/adsccouverture.fr\/wp-content\/uploads\/2024\/04\/IMG_4104-1154x2048.webp 1154w, https:\/\/adsccouverture.fr\/wp-content\/uploads\/2024\/04\/IMG_4104-jpg.webp 1244w\" sizes=\"auto, (max-width: 169px) 100vw, 169px\" \/><\/figure>\n<\/figure>\n<\/div>\n<\/div>\n<\/div>\n\n\n\n<div class=\"wp-block-group alignwide animated fadeIn delay-500ms fast has-global-padding is-layout-constrained wp-container-core-group-is-layout-4343b810 wp-block-group-is-layout-constrained\" style=\"padding-top:var(--wp--preset--spacing--50);padding-right:var(--wp--preset--spacing--50);padding-bottom:var(--wp--preset--spacing--50);padding-left:var(--wp--preset--spacing--50)\">\n<h2 class=\"wp-block-heading has-text-align-center\">T\u00e9moignage de nos clients<\/h2>\n\n\n<pre class=\"ti-widget\"><template id=\"trustindex-google-widget-html\"><div class=\" ti-widget  ti-goog ti-review-text-mode-readmore ti-text-align-left\" data-no-translation=\"true\" data-time-locale=\"il y a %d %s|aujourd'hui|jour|jours|semaine|semaines|mois|mois|ann\u00e9e|ans\" data-plugin-version=\"13.2.9\" data-layout-id=\"4\" data-layout-category=\"slider\" data-set-id=\"drop-shadow\" data-pid=\"\" data-language=\"fr\" data-close-locale=\"Fermer\" data-review-target-width=\"300\" data-css-version=\"2\" data-reply-by-locale=\"R\u00e9ponse du propri\u00e9taire\" data-only-rating-locale=\"Cet utilisateur a uniquement laiss\u00e9 une \u00e9valuation.\" data-pager-autoplay-timeout=\"6\"> <div class=\"ti-widget-container ti-col-3\"> <div class=\"ti-reviews-container\"> <div class=\"ti-controls\"> <div class=\"ti-next\" aria-label=\"Avis suivante\" role=\"button\" tabindex=\"0\"><\/div> <div class=\"ti-prev\" aria-label=\"Avis pr\u00e9c\u00e9dent\" role=\"button\" tabindex=\"0\"><\/div> <\/div> <div class=\"ti-reviews-container-wrapper\">  <div data-empty=\"0\" data-time=\"1713398400\" class=\"ti-review-item source-Google ti-image-layout-thumbnail\" data-id=\"cfcd208495d565ef66e7dff9f98764da\"> <div class=\"ti-inner\"> <div class=\"ti-review-header\"> <div class=\"ti-platform-icon ti-with-tooltip\"> <span class=\"ti-tooltip\">Publi\u00e9 sur <\/span> <trustindex-image data-imgurl=\"https:\/\/cdn.trustindex.io\/assets\/platform\/Google\/icon.svg\" alt=\"\" width=\"20\" height=\"20\" loading=\"lazy\"><\/trustindex-image> <\/div> <div class=\"ti-profile-img\"> <trustindex-image data-imgurl=\"https:\/\/lh3.googleusercontent.com\/a-\/ALV-UjU7uEKma4xa5j4g9Pv70bbsjDCOrgiLGC_h93Yi3SlWfn-VHFGt=w40-h40-c-rp-mo-br100\" alt=\"Arthur Dherbomez profile picture\" loading=\"lazy\"><\/trustindex-image> <\/div> <div class=\"ti-profile-details\"> <div class=\"ti-name\"> Arthur Dherbomez <\/div> <div class=\"ti-date\"><\/div> <\/div> <\/div> <span class=\"ti-stars\"><trustindex-image class=\"ti-star\" data-imgurl=\"https:\/\/cdn.trustindex.io\/assets\/platform\/Google\/star\/f.svg\" alt=\"Google star 1\" width=\"17\" height=\"17\" loading=\"lazy\"><\/trustindex-image><trustindex-image class=\"ti-star\" data-imgurl=\"https:\/\/cdn.trustindex.io\/assets\/platform\/Google\/star\/f.svg\" alt=\"Google star 2\" width=\"17\" height=\"17\" loading=\"lazy\"><\/trustindex-image><trustindex-image class=\"ti-star\" data-imgurl=\"https:\/\/cdn.trustindex.io\/assets\/platform\/Google\/star\/f.svg\" alt=\"Google star 3\" width=\"17\" height=\"17\" loading=\"lazy\"><\/trustindex-image><trustindex-image class=\"ti-star\" data-imgurl=\"https:\/\/cdn.trustindex.io\/assets\/platform\/Google\/star\/f.svg\" alt=\"Google star 4\" width=\"17\" height=\"17\" loading=\"lazy\"><\/trustindex-image><trustindex-image class=\"ti-star\" data-imgurl=\"https:\/\/cdn.trustindex.io\/assets\/platform\/Google\/star\/f.svg\" alt=\"Google star 5\" width=\"17\" height=\"17\" loading=\"lazy\"><\/trustindex-image><span class=\"ti-verified-review ti-verified-platform\"><span class=\"ti-verified-tooltip\">Trustindex v\u00e9rifie que la source originale de l'avis est Google.<\/span><\/span><\/span> <div class=\"ti-review-text-container ti-review-content\"><!-- R-CONTENT -->Antoine a effectu\u00e9 des r\u00e9parations sur ma toiture. Le travail est vraiment impeccable! Je suis super content du r\u00e9sultat, je recommande !<!-- R-CONTENT --><\/div> <span class=\"ti-read-more\" data-container=\".ti-review-content\" data-collapse-text=\"Cacher\" data-open-text=\"Lire la suite\"><\/span> <\/div> <\/div>  <\/div> <div class=\"ti-controls-line\"> <div class=\"dot\"><\/div> <\/div> <\/div>    <\/div> <\/div> <\/template><\/pre><div data-src=\"https:\/\/cdn.trustindex.io\/loader.js?wp-widget\" data-template-id=\"trustindex-google-widget-html\" data-css-url=\"https:\/\/adsccouverture.fr\/wp-content\/uploads\/trustindex-google-widget.css?1776206008\"><\/div>\n<\/div>\n\n\n\n<div class=\"wp-block-group alignfull animated fadeIn delay-200ms fast has-background has-global-padding is-layout-constrained wp-container-core-group-is-layout-485f583b wp-block-group-is-layout-constrained\" style=\"background-color:#ecfeff;margin-top:0;margin-bottom:0;padding-top:var(--wp--preset--spacing--50);padding-right:var(--wp--preset--spacing--50);padding-bottom:var(--wp--preset--spacing--50);padding-left:var(--wp--preset--spacing--50)\">\n<h2 class=\"wp-block-heading alignfull has-text-align-center is-style-default\">Besoin d&#8217;un devis?<\/h2>\n\n\n\n<p class=\"has-text-align-center\">Contactez-nous pour un devis gratuit et sans engagement.<\/p>\n\n\n\n<div class=\"wp-block-buttons is-content-justification-center is-layout-flex wp-container-core-buttons-is-layout-a89b3969 wp-block-buttons-is-layout-flex\">\n<div class=\"wp-block-button\"><a class=\"wp-block-button__link wp-element-button\" href=\"https:\/\/adsccouverture.fr\/index.php\/contact\/\">Demander un devis<\/a><\/div>\n\n\n\n<div class=\"wp-block-button\"><a class=\"wp-block-button__link has-custom-accent-3-background-color has-background wp-element-button\" href=\"tel:+33658849747\">06 58 84 97 47<\/a><\/div>\n<\/div>\n<\/div>\n\n\n\n<div class=\"wp-block-group alignwide has-global-padding is-layout-constrained wp-container-core-group-is-layout-cfdb096d wp-block-group-is-layout-constrained\" style=\"margin-top:0;margin-bottom:0;padding-top:var(--wp--preset--spacing--60);padding-right:var(--wp--preset--spacing--50);padding-bottom:var(--wp--preset--spacing--60);padding-left:var(--wp--preset--spacing--50)\">\n<h2 class=\"wp-block-heading alignfull has-text-align-center is-style-default\">Qui sommes nous?<\/h2>\n\n\n\n<div class=\"wp-block-columns alignwide are-vertically-aligned-center is-layout-flex wp-container-core-columns-is-layout-08c01c1c wp-block-columns-is-layout-flex\">\n<div class=\"wp-block-column is-vertically-aligned-center animated fadeIn delay-500ms fast is-layout-flow wp-container-core-column-is-layout-94de54e1 wp-block-column-is-layout-flow\" style=\"padding-right:var(--wp--preset--spacing--20);padding-left:var(--wp--preset--spacing--20);flex-basis:50%\">\n<h3 class=\"wp-block-heading\">D\u2019une simple passion \u00e0 un r\u00eave, depuis plus de 10 ans<\/h3>\n\n\n\n<p class=\"has-text-align-left\">Couvreur passionn\u00e9, avec plus de 10 ans d&#8217;exp\u00e9rience dans le domaine, Antoine a su tisser des liens pr\u00e9cieux avec divers acteurs du secteur, ce qui l&#8217;a encourag\u00e9 \u00e0 franchir le pas de l&#8217;entrepreneuriat. Depuis son enfance, il voue une passion ind\u00e9fectible au secteur du b\u00e2timent, nourrissant toujours le r\u00eave de cr\u00e9er sa propre entreprise.<\/p>\n\n\n\n<p>Aujourd&#8217;hui, \u00e0 l&#8217;\u00e2ge de 27 ans, Antoine aspire \u00e0 travailler selon ses propres normes: pour lui, un chantier de qualit\u00e9 est celui qui allie rigueur technique et respect absolu des d\u00e9lais convenus avec le client.<\/p>\n\n\n\n<p>Sa r\u00e9putation grandit entre l\u2019Oise (60) et l\u2019Aisne (02), de Compi\u00e8gne \u00e0 Soissons, o\u00f9 plusieurs particuliers lui ont accord\u00e9 leur confiance pour ses comp\u00e9tences et son s\u00e9rieux dans chaque projet entrepris.<\/p>\n\n\n\n<p>La naissance de l&#8217;EURL ADSC repose sur une ambition mesur\u00e9e : celle de r\u00e9aliser un r\u00eave qui lui tient \u00e0 c\u0153ur depuis toujours, celui de devenir son propre patron et de fid\u00e9liser une client\u00e8le qui lui ressemble.<\/p>\n\n\n\n<div class=\"wp-block-buttons is-layout-flex wp-block-buttons-is-layout-flex\">\n<div class=\"wp-block-button\"><a class=\"wp-block-button__link wp-element-button\" href=\"https:\/\/adsccouverture.fr\/index.php\/contact\/\">Nous contacter<\/a><\/div>\n<\/div>\n<\/div>\n\n\n\n<div class=\"wp-block-column is-vertically-aligned-center animated fadeIn delay-1s fast is-layout-flow wp-block-column-is-layout-flow\" style=\"flex-basis:50%\">\n<figure class=\"wp-block-image size-full is-style-rounded is-style-rounded--5\"><img loading=\"lazy\" decoding=\"async\" width=\"825\" height=\"550\" src=\"http:\/\/adsccouverture.fr\/wp-content\/uploads\/2024\/04\/image-23.png\" alt=\"\" class=\"wp-image-136\" style=\"aspect-ratio:4\/3;object-fit:cover\" srcset=\"https:\/\/adsccouverture.fr\/wp-content\/uploads\/2024\/04\/image-23.png 825w, https:\/\/adsccouverture.fr\/wp-content\/uploads\/2024\/04\/image-23-300x200.png 300w, https:\/\/adsccouverture.fr\/wp-content\/uploads\/2024\/04\/image-23-768x512.png 768w\" sizes=\"auto, (max-width: 825px) 100vw, 825px\" \/><\/figure>\n<\/div>\n<\/div>\n<\/div>\n<\/div>\n","protected":false},"excerpt":{"rendered":"<p>Prot\u00e9gez votre maison avec une toiture d\u2019exception NOS FOURNISSEURS Nos services Couverture, zinguerie, entretien de votre toiture et plus encore Nos r\u00e9alisations Tuiles, ardoises, zinc : donnez un nouveau visage \u00e0 votre toiture. T\u00e9moignage de nos clients Besoin d&#8217;un devis? Contactez-nous pour un devis gratuit et sans engagement. Qui sommes nous? D\u2019une simple passion \u00e0 [&hellip;]<\/p>\n","protected":false},"author":1,"featured_media":81,"parent":0,"menu_order":0,"comment_status":"closed","ping_status":"closed","template":"page-no-title","meta":{"footnotes":""},"class_list":["post-79","page","type-page","status-publish","has-post-thumbnail","hentry"],"_links":{"self":[{"href":"https:\/\/adsccouverture.fr\/index.php\/wp-json\/wp\/v2\/pages\/79","targetHints":{"allow":["GET"]}}],"collection":[{"href":"https:\/\/adsccouverture.fr\/index.php\/wp-json\/wp\/v2\/pages"}],"about":[{"href":"https:\/\/adsccouverture.fr\/index.php\/wp-json\/wp\/v2\/types\/page"}],"author":[{"embeddable":true,"href":"https:\/\/adsccouverture.fr\/index.php\/wp-json\/wp\/v2\/users\/1"}],"replies":[{"embeddable":true,"href":"https:\/\/adsccouverture.fr\/index.php\/wp-json\/wp\/v2\/comments?post=79"}],"version-history":[{"count":139,"href":"https:\/\/adsccouverture.fr\/index.php\/wp-json\/wp\/v2\/pages\/79\/revisions"}],"predecessor-version":[{"id":420,"href":"https:\/\/adsccouverture.fr\/index.php\/wp-json\/wp\/v2\/pages\/79\/revisions\/420"}],"wp:featuredmedia":[{"embeddable":true,"href":"https:\/\/adsccouverture.fr\/index.php\/wp-json\/wp\/v2\/media\/81"}],"wp:attachment":[{"href":"https:\/\/adsccouverture.fr\/index.php\/wp-json\/wp\/v2\/media?parent=79"}],"curies":[{"name":"wp","href":"https:\/\/api.w.org\/{rel}","templated":true}]}}